(o) = 1071866*o - 13934259. What is d(13)?
-1
Let y(d) = 56*d**2 + 1296*d + 211. Calculate y(-23).
27
Let c(h) = 139498*h + 2371471. Calculate c(-17).
5
Let k(s) = -3*s**2 + 288*s + 1113. Calculate k(99).
222
Let w(j) = 97*j**2 - 302*j - 726. Calculate w(-2).
266
Let b(d) = -38*d**2 + 33*d - 32. What is b(6)?
-1202
Let n(c) = c**3 + 166*c**2 + 5867*c - 3363. What is n(-52)?
-191
Let r(s) = 152*s**3 + 137*s**2 - 11*s - 15. Determine r(-1).
-19
Let h(c) = 1277*c + 1190209. What is h(-932)?
45
Let k(v) = -v**3 - 26*v**2 + 4388*v + 117585. Calculate k(-27).
-162
Let o(n) = -13*n**3 + 146*n**2 - 729*n + 10233. Give o(12).
45
Let k(y) = 889*y - 947. Determine k(1).
-58
Let p(m) = -m**2 - 395*m + 101988. Determine p(178).
-6
Let w(s) = -2*s**3 - 549*s**2 - 5289*s + 235. What is w(-10)?
225
Let w(h) = -2*h**3 + 254*h**2 - 21*h + 2433. Calculate w(127).
-234
Let l(s) = -s**3 + 33*s**2 - 35*s + 662. What is l(30)?
2312
Let y(p) = -2*p**3 + 171*p**2 + 75*p - 79. Determine y(86).
-1025
Let v(a) = 33*a**2 - 6381*a + 12756. Calculate v(2).
126
Let z(x) = -109800*x - 439219. Determine z(-4).
-19
Let t(k) = -1971*k - 19720. What is t(-10)?
-10
Let l(i) = -7*i**2 - 7101*i + 46957. Determine l(-1021).
-9
Let b(r) = -22213*r + 110822. Give b(5).
-243
Let t(f) = f**2 - 6513*f + 271783. Calculate t(42).
1
Let k(h) = 13*h**3 - 529*h**2 - 1102*h + 5. Give k(-2).
-11
Let q(g) = -2*g**3 + 945*g**2 - 44824*g - 3765. What is q(419)?
6
Let p(v) = v**3 + 397*v**2 - 713*v + 33989. Calculate p(-399).
74
Let g(d) = 18514*d - 574646. What is g(31)?
-712
Let y(z) = z**3 + 97*z**2 - 506*z + 407. What is y(-102)?
-1
Let o(m) = -6*m**2 - 42*m - 53. What is o(-8)?
-101
Let g(l) = -2*l**3 + 22*l**2 + 357*l - 3127. Give g(16).
25
Let z(i) = 2334*i + 245072. What is z(-105)?
2
Let i(p) = 13*p**3 - 236*p**2 + 16*p + 246. Give i(18).
-114
Let x(k) = 45223*k + 994903. Determine x(-22).
-3
Let c(u) = -447*u + 82525. Calculate c(185).
-170
Let y(j) = -2*j**3 + 431*j**2 - 16077*j - 184. Determine y(48).
-40
Let o(s) = -46*s**2 - 34013*s + 19905. Determine o(-740).
-75
Let m(f) = -10*f**3 + 7*f**2 + 415*f - 29. Calculate m(-6).
-107
Let c(n) = -3337*n + 160188. Calculate c(48).
12
Let b(q) = -9*q**2 - 7187*q + 43216. Calculate b(6).
-230
Let c(m) = -104*m**2 - 652*m - 2583. What is c(-4)?
-1639
Let k(w) = 5*w**3 - 538*w**2 - 214*w - 126. Calculate k(108).
90
Let t(z) = -z**3 + 184*z**2 + 20435*z - 86. Determine t(-78).
-8
Let j(y) = 2*y**3 - 477*y**2 - 3176*y - 2162. Calculate j(245).
43
Let u(j) = -6424*j + 109227. Calculate u(17).
19
Let j(t) = -18*t**3 - 111*t**2 - 27*t - 87. Determine j(-6).
-33
Let h(x) = -x**3 - 68*x**2 - 577*x - 26. Determine h(-58).
-200
Let c(q) = -160*q**2 + 9272*q - 18538. Determine c(2).
-634
Let u(i) = i**3 + 4*i**2 + 206*i + 1907. Give u(-8).
3
Let o(u) = -2*u**3 + 3*u**2 - 11407*u - 45659. Determine o(-4).
145
Let l(i) = 55*i**2 - 4019*i + 140. Calculate l(73).
-152
Let a(w) = -6*w**3 - 74*w**2 - 786*w - 15388. Calculate a(-15).
2
Let w(f) = 4*f**2 + 3725*f + 47599. Calculate w(-13).
-150
Let b(v) = -v**2 - 1617*v - 25611. Determine b(-16).
5
Let z(j) = 3424*j + 893591. Determine z(-261).
-73
Let r(z) = z**3 - 48*z**2 + 91*z + 95. Give r(46).
49
Let a(v) = v**2 - 776*v + 82490. Give a(649).
67
Let o(v) = -v**3 + 23*v**2 + 128*v - 264. What is o(-6)?
12
Let b(k) = -k**3 + 26*k**2 - 75*k - 458. Calculate b(16).
902
Let o(n) = 155*n - 9311. Give o(59).
-166
Let b(w) = 838*w + 79673. What is b(-95)?
63
Let z(m) = -m**3 + 302*m**2 - 22418*m + 7532. What is z(130)?
-8
Let k(r) = -544328*r + 13063870. Give k(24).
-2
Let c(b) = 202*b**2 + 173*b - 175. Determine c(1).
200
Let n(f) = 2*f**3 - 109*f**2 - 145*f - 36. Determine n(-1).
-2
Let a(y) = -7*y**2 - 6545*y - 13064. Give a(-2).
-2
Let o(l) = 18*l**2 + 3525*l - 11541. What is o(-199)?
-198
Let h(l) = -313499*l + 1880955. What is h(6)?
-39
Let y(h) = -17*h**2 + 293*h - 1241. What is y(8)?
15
Let r(a) = a**2 + 73*a - 5685. Give r(48).
123
Let a(j) = 2*j**3 - 161*j**2 + 1073*j + 1613. Determine a(73).
7
Let k(f) = 3*f**2 + 429*f - 29014. Calculate k(50).
-64
Let p(w) = 107716*w + 1184878. Determine p(-11).
2
Let o(p) = p**2 - 559*p + 18782. Calculate o(36).
-46
Let r(t) = 1073*t - 10736. Give r(10).
-6
Let t(g) = g**2 + 3280*g - 16422. What is t(5)?
3
Let q(x) = x**2 + 1311*x - 166582. Calculate q(117).
494
Let z(m) = m**3 + 290*m**2 - 2084*m - 1330. What is z(-297)?
155
Let a(s) = 2*s**3 + 19*s**2 - 528*s + 480. Give a(-22).
-4
Let w(i) = 12*i**2 + 42*i - 868. Calculate w(12).
1364
Let p(x) = -447031*x + 8046561. Calculate p(18).
3
Let h(y) = -3*y**3 + 50*y**2 - 312*y - 152. Give h(8).
-984
Let p(c) = -7*c**3 + 52*c**2 + c + 111. What is p(8)?
-137
Let x(y) = 51*y**2 + 220*y - 641. Determine x(3).
478
Let q(z) = -z**3 - 13*z**2 + 1165*z + 14139. Calculate q(-12).
15
Let p(g) = -26619*g**2 + 186348*g + 14. What is p(7)?
119
Let q(l) = -4*l**3 + 119*l**2 - 204*l + 218. Determine q(28).
-6
Let s(m) = 9*m**2 - 27*m - 378. Calculate s(-5).
-18
Let l(j) = 10*j**3 - 25*j**2 - 993*j - 5. Determine l(11).
-643
Let s(f) = -37*f**3 - 4187*f**2 - 699*f - 2383. What is s(-113)?
-10
Let c(f) = f**3 + 5*f**2 + 573*f + 2880. Determine c(-5).
15
Let q(o) = -2*o**2 + 180*o - 2271. What is q(79)?
-533
Let n(b) = -732*b**3 + 3653*b**2 + 41*b - 32. Determine n(5).
-2
Let a(w) = -w**2 + 34*w + 337. What is a(29)?
482
Let w(j) = 1102*j + 7441. Calculate w(-7).
-273
Let i(g) = -24503*g - 11516406. What is i(-470)?
4
Let a(r) = r**3 + 27*r**2 - 2030*r - 22718. Calculate a(-56).
18
Let s(f) = 1724*f - 36188. Calculate s(21).
16
Let m(x) = -2443*x + 4868. What is m(2)?
-18
Let o(z) = -4*z**3 - 50*z**2 - 14*z + 141. What is o(-12)?
21
Let q(i) = -i**3 + 4*i**2 - 361*i + 2829. Determine q(7).
155
Let t(d) = -413*d - 100233. Give t(-243).
126
Let u(w) = 7*w**2 + 8012*w - 40243. Determine u(5).
-8
Let a(r) = 11473*r - 432. What is a(0)?
-432
Let d(q) = -40450*q - 80879. Determine d(-2).
21
Let g(k) = k**2 + 5337*k + 747831. Determine g(-144).
39
Let g(n) = 3340*n + 86819. Determine g(-26).
-21
Let g(a) = -21*a**2 + 670*a - 4057. What is g(6)?
-793
Let o(t) = -2*t**2 - 2517*t + 72042. Determine o(28).
-2
Let b(y) = y**3 - 808*y**2 + 2416*y - 870. Calculate b(805).
-65
Let c(q) = -11825*q - 11827. Give c(-1).
-2
Let z(m) = 17503*m + 1942836. What is z(-111)?
3
Let m(s) = 4*s**3 - 865*s**2 - 609*s - 9176. Calculate m(217).
-62
Let w(k) = -120728*k + 483108. Give w(4).
196
Let r(j) = -2*j**3 + 204*j**2 - 1289*j + 88871. Determine r(100).
-29
Let b(a) = 10*a**2 + 2480*a + 7450. Give b(-3).
100
Let s(o) = o**3 + 34*o**2 - 4*o + 1127. Calculate s(-35).
42
Let n(z) = -z**3 - 12*z**2 + 111*z + 1919. Calculate n(-20).
2899
Let i(k) = 2*k**2 - 572*k + 34699. Calculate i(85).
529
Let s(w) = w**2 + 2594*w - 400000. What is s(146)?
40
Let s(c) = -c**3 + 171*c**2 + 3426*c - 4448. What is s(189)?
88
Let m(y) = -2*y**2 - 307*y - 9236. Give m(-115).
-381
Let l(h) = 214*h**2 + 2041*h + 1045. Calculate l(-9).
10
Let j(h) = 2*h**3 + 326*h**2 - 645*h + 666. What is j(-165)?
-1809
Let u(b) = 20039*b - 881725. Calculate u(44).
-9
Let y(g) = -g**3 + 264*g**2 - 3306*g + 553. Give y(13).
-6
Let k(g) = g**3 + 345*g**2 - 1065*g + 64. Calculate k(3).
1
Let h(t) = 2*t**2 - 599*t + 2374. Give h(4).
10
Let z(d) = 14*d**2 - 15438*d - 124398. Give z(-8).
2
Let o(p) = -p**2 + 541*p - 62828. Determine o(169).
40
Let b(s) = 3*s**3 - 1753*s**2 + 5782*s + 16274. Give b(581).
6
Let h(b) = -b**2 + 229*b - 12828. Calculate h(130).
42
Let h(j) = -3*j**3 + 91*j**2 + 12*j + 4843. Determine h(32).
107
Let n(y) = -14954*y + 478532. Calculate n(32).
4
Let d(o) = 85*o + 10266. What is d(-105)?
1341
Let p(f) = -271*f - 8068. Determine p(-19).
-2919
Let t(x) = 2*x**2 - 630*x + 31679. Calculate t(63).
-73
Let y(t) = t**2 + 1448*t + 21648. Give y(-15).
153
Let m(j) = -4*j**2 - 3606*j + 190318. What is m(50)?
18
Let a(l) = -3*l**2 - 49194*l - 196732. Determine a(-4).
-4
Let m(b) = b**3 + 388*b**2 - 6906*b - 8513. What is m(-405)?
-8
Let d(q) = -3*q**3 + 495*q**2 + 82*q - 13531. What is d(165)?
-1
Let o(l) = -14*l**3 - 14*l**2 + 5*l + 45. Give o(-5).
1420
Let c(v) = -1838*v + 12296. What is c(8)?
-2408
Let v(h) = 5*h**3 - 17*h**2 + 40*h + 51. Calculate v(5).
451
Let m(k) = k**2 + 327*k + 25759. Wh